d 17440?
160
Calculate the highest common factor of 1521 and 1287.
117
What is the greatest common divisor of 1482 and 1083?
57
What is the highest common factor of 52 and 832?
52
What is the greatest common divisor of 3 and 3331?
1
What is the highest common factor of 1 and 1?
1
Calculate the greatest common factor of 36 and 12.
12
What is the highest common factor of 671 and 187?
11
Calculate the greatest common factor of 9 and 2.
1
What is the greatest common factor of 40 and 410?
10
Calculate the greatest common divisor of 37 and 2.
1
What is the highest common factor of 69 and 46?
23
Calculate the greatest common factor of 105 and 5565.
105
Calculate the highest common divisor of 8611 and 109.
109
What is the greatest common divisor of 240 and 15?
15
What is the greatest common factor of 579 and 10229?
193
Calculate the greatest common divisor of 96 and 36.
12
What is the greatest common factor of 495 and 81?
9
Calculate the highest common factor of 144 and 612.
36
What is the highest common divisor of 8 and 72?
8
What is the greatest common divisor of 216 and 2?
2
What is the greatest common factor of 50 and 10?
10
What is the greatest common divisor of 825 and 1452?
33
What is the greatest common factor of 13 and 377?
13
Calculate the greatest common factor of 450 and 24.
6
What is the greatest common divisor of 979 and 4628?
89
Calculate the highest common factor of 124 and 310.
62
What is the highest common factor of 333 and 6808?
37
What is the highest common factor of 5922 and 252?
126
What is the greatest common divisor of 7 and 1071?
7
Calculate the highest common factor of 72 and 1212.
12
What is the highest common factor of 41 and 287?
41
Calculate the highest common factor of 140 and 10340.
20
What is the highest common factor of 469 and 119?
7
Calculate the highest common factor of 70 and 5040.
70
What is the greatest common divisor of 420 and 399?
21
Calculate the greatest common factor of 132 and 3894.
66
Calculate the highest common divisor of 33 and 18.
3
What is the highest common factor of 57 and 123?
3
Calculate the highest common factor of 42405 and 165.
165
What is the highest common factor of 104 and 13?
13
Calculate the highest common factor of 208 and 16.
16
What is the greatest common factor of 143 and 325?
13
What is the highest common factor of 1863 and 23?
23
What is the greatest common factor of 57 and 18?
3
What is the greatest common divisor of 47 and 10058?
47
Calculate the greatest common divisor of 648 and 2025.
81
Calculate the greatest common factor of 744 and 24.
24
Calculate the greatest common factor of 58 and 59682.
58
What is the highest common divisor of 506 and 552?
46
What is the greatest common divisor of 2912 and 338?
26
Calculate the highest common factor of 1003 and 118.
59
What is the greatest common divisor of 2941 and 17?
17
What is the greatest common divisor of 70 and 35?
35
Calculate the greatest common divisor of 567 and 469.
7
What is the greatest common factor of 30736 and 119?
17
What is the greatest common divisor of 135 and 513?
27
What is the greatest common divisor of 9 and 387?
9
What is the greatest common factor of 87 and 2581?
29
Calculate the greatest common factor of 210 and 222.
6
Calculate the highest common divisor of 9 and 9.
9
Calculate the greatest common factor of 168 and 10696.
56
What is the highest common factor of 21 and 399?
21
What is the highest common divisor of 42 and 12453?
21
What is the highest common factor of 162 and 234?
18
Calculate the greatest common factor of 2 and 810.
2
What is the greatest common divisor of 80 and 1480?
40
Calculate the highest common factor of 96 and 464.
16
Calculate the greatest common factor of 9 and 28719.
9
What is the highest common divisor of 4 and 52?
4
What is the highest common factor of 9 and 239?
1
What is the highest common divisor of 18 and 243?
9
Calculate the greatest common factor of 889 and 381.
127
What is the highest common divisor of 575 and 299?
23
Calculate the greatest common divisor of 828 and 30429.
207
What is the greatest common factor of 8160 and 48?
48
Calculate the greatest common divisor of 72918 and 36.
18
What is the highest common divisor of 481 and 111?
37
Calculate the greatest common factor of 38 and 152.
38
Calculate the highest common divisor of 5406 and 102.
102
What is the highest common divisor of 385 and 140?
35
Calculate the highest common factor of 22 and 374.
22
Calculate the highest common factor of 43 and 71982.
43
What is the highest common factor of 4726 and 238?
34
Calculate the highest common divisor of 840 and 5376.
168
What is the greatest common factor of 36 and 43044?
12
What is the greatest common factor of 72 and 1368?
72
Calculate the highest common divisor of 442 and 52.
26
What is the greatest common factor of 21 and 273?
21
What is the greatest common factor of 75 and 375?
75
What is the greatest common divisor of 1179 and 9?
9
Calculate the greatest common divisor of 2222 and 8.
2
Calculate the highest common factor of 1083 and 228.
57
Calculate the greatest common divisor of 1581 and 306.
51
Calculate the highest common factor of 430 and 10.
10
What is the greatest common divisor of 462 and 70?
14
What is the greatest common factor of 55091 and 178?
89
Calculate the greatest common factor of 20 and 220.
20
Calculate the greatest common divisor of 90 and 860.
10
What is the highest common factor of 102 and 30?
6
Calculate the greatest common divisor of 1675 and 134.
67
Calculate the greatest common divisor of 192 and 336.
48
What is the highest common divisor of 1995 and 2280?
285
What is the highest common factor of 726 and 66?
66
What is the greatest common divisor of 13 and 3081?
13
What is the greatest common factor of 1727 and 8321?
157
What is the greatest common factor of 5760 and 216?
72
Calculate the highest common factor of 95 and 285.
95
What is the greatest common factor of 128 and 16?
16
What is the greatest common divisor of 175 and 5350?
25
What is the greatest common divisor of 2700 and 3564?
108
What is the highest common divisor of 1980 and 176?
44
Calculate the greatest common divisor of 40 and 15.
5
What is the greatest common divisor of 815 and 978?
163
Calculate the greatest common divisor of 6584 and 16.
8
What is the greatest common factor of 130 and 110?
10
Calculate the greatest common factor of 90 and 585.
45
Calculate the highest common factor of 22 and 3476.
22
Calculate the greatest common factor of 5 and 310.
5
Calculate the highest common divisor of 945 and 21.
21
Calculate the highest common divisor of 403 and 5018.
13
What is the greatest common divisor of 153 and 510?
51
Calculate the greatest common divisor of 124 and 1550.
62
What is the greatest common divisor of 54 and 2133?
27
Calculate the greatest common divisor of 78 and 8307.
39
What is the highest common divisor of 85 and 2635?
85
Calculate the highest common divisor of 6 and 1146.
6
What is the greatest common divisor of 40 and 360?
40
What is the greatest common factor of 10 and 590?
10
Calculate the greatest common factor of 10 and 296.
2
What is the highest common divisor of 91 and 84?
7
Calculate the greatest common divisor of 45 and 891.
9
Calculate the greatest common factor of 637 and 26.
13
Calculate the highest common factor of 9604 and 196.
196
Calculate the greatest common divisor of 21 and 175.
7
Calculate the greatest common factor of 915 and 30.
15
What is the highest common divisor of 228 and 372?
12
What is the highest common factor of 403 and 26?
13
What is the highest common divisor of 25 and 2?
1
What is the greatest common factor of 21 and 987?
21
Calculate the highest common divisor of 44 and 484.
44
Calculate the highest common factor of 22 and 154.
22
What is the greatest common factor of 621 and 108?
27
What is the highest common factor of 30928 and 16?
16
What is the highest common factor of 310 and 8525?
155
Calculate the highest common factor of 7 and 65891.
7
What is the greatest common divisor of 30 and 230?
10
What is the greatest common divisor of 168 and 714?
42
Calculate the highest common factor of 9 and 12624.
3
Calculate the highest common factor of 6215 and 55.
55
What is the greatest common divisor of 201 and 3?
3
Calculate t